nd 638186.
2
Calculate the highest common factor of 3232 and 31779852.
404
Calculate the highest common factor of 428 and 377094964.
428
Calculate the highest common divisor of 15606 and 12906.
54
What is the greatest common divisor of 103641237 and 21?
21
What is the greatest common divisor of 63469707 and 1281?
1281
Calculate the greatest common factor of 60415600 and 2800.
2800
What is the greatest common factor of 3231 and 256163373?
3231
What is the greatest common divisor of 324 and 89417016?
36
Calculate the highest common factor of 88 and 203204276.
44
What is the highest common divisor of 161122680 and 45?
45
What is the greatest common divisor of 4384351 and 4063?
17
What is the greatest common factor of 4554748 and 3332908?
6788
What is the highest common divisor of 8023856 and 26919?
997
What is the highest common factor of 983490 and 75?
15
Calculate the greatest common divisor of 175720 and 4000.
40
Calculate the highest common factor of 59493261 and 33.
3
What is the greatest common factor of 1159 and 3015047?
61
What is the greatest common divisor of 7334 and 200146?
38
Calculate the greatest common divisor of 13313707 and 284.
71
Calculate the highest common factor of 1288 and 113550696.
56
Calculate the greatest common divisor of 3723 and 1311567.
51
What is the highest common divisor of 748 and 9989804?
44
Calculate the highest common factor of 13748487 and 1269.
141
What is the highest common divisor of 6298220 and 4060?
580
Calculate the greatest common factor of 15533098 and 2842.
98
Calculate the highest common divisor of 904 and 22413211.
113
What is the highest common factor of 15822195 and 45?
15
Calculate the highest common factor of 66 and 4843036.
22
What is the greatest common factor of 2184 and 1052532?
156
What is the highest common factor of 10235264 and 44928?
1664
Calculate the greatest common factor of 9182632 and 56.
8
Calculate the greatest common factor of 34412 and 30982.
14
What is the greatest common divisor of 656927874 and 54?
54
Calculate the greatest common factor of 15975 and 63455895.
3195
What is the highest common divisor of 155701 and 105436422?
5369
What is the greatest common factor of 20656912 and 496?
496
What is the highest common factor of 37648269 and 423?
423
Calculate the highest common factor of 214 and 1798308661.
107
Calculate the greatest common divisor of 1168 and 53898528.
1168
Calculate the greatest common divisor of 210 and 38972710.
70
What is the highest common divisor of 14413399 and 242?
121
What is the highest common factor of 6300 and 2717750?
350
What is the greatest common divisor of 82698 and 58233175?
13783
What is the highest common divisor of 1366 and 18642485?
683
What is the greatest common divisor of 4452487 and 17?
17
What is the greatest common factor of 187598688 and 72?
24
Calculate the highest common factor of 42313 and 638894.
323
Calculate the highest common factor of 432030 and 190.
10
Calculate the highest common divisor of 13505 and 1558915.
365
Calculate the highest common divisor of 408570759 and 36.
9
What is the greatest common divisor of 550196 and 5753?
523
What is the greatest common divisor of 72 and 731152?
8
Calculate the greatest common divisor of 135527 and 49.
7
What is the highest common divisor of 21603 and 32832?
57
What is the highest common divisor of 5851 and 2417?
1
Calculate the greatest common divisor of 4572 and 6824.
4
Calculate the highest common factor of 1820358 and 276.
138
Calculate the highest common divisor of 125080 and 778464.
424
Calculate the greatest common divisor of 2451400355 and 635.
635
Calculate the greatest common divisor of 4916230 and 935.
935
What is the greatest common divisor of 35220558 and 82?
82
Calculate the highest common factor of 48473222 and 561.
17
Calculate the greatest common factor of 1136197 and 8165587.
4421
Calculate the greatest common divisor of 1840342 and 10128.
422
What is the highest common divisor of 11253643 and 2261?
323
Calculate the greatest common factor of 5728 and 28090470.
358
Calculate the greatest common divisor of 1128 and 1196324464.
376
Calculate the highest common factor of 8312336 and 16.
16
What is the greatest common factor of 75621 and 7756?
1939
What is the greatest common divisor of 4689086 and 304?
38
Calculate the highest common divisor of 136 and 38636172.
68
Calculate the highest common divisor of 13224 and 108672.
24
What is the highest common divisor of 162773346 and 4002?
4002
Calculate the greatest common factor of 39 and 95334732.
3
Calculate the greatest common factor of 7326 and 7569386.
814
What is the greatest common factor of 1014120 and 6?
6
What is the greatest common divisor of 2040 and 67008560?
680
Calculate the greatest common divisor of 448 and 19794376.
56
Calculate the greatest common factor of 6509040 and 3120.
240
Calculate the greatest common factor of 767860 and 1220.
20
Calculate the greatest common factor of 14066 and 25142.
26
Calculate the highest common divisor of 15 and 5979537.
3
Calculate the greatest common factor of 28 and 953067.
1
What is the highest common factor of 13005044 and 1040?
52
Calculate the greatest common factor of 138160 and 154.
22
Calculate the highest common divisor of 466940 and 79180.
740
What is the highest common divisor of 6376 and 44458254?
1594
What is the greatest common divisor of 89573 and 3008599?
5269
What is the greatest common divisor of 9871249 and 281?
281
What is the highest common factor of 4041 and 672153?
1347
Calculate the greatest common divisor of 27820 and 407848155.
6955
Calculate the greatest common divisor of 73684 and 299968.
436
Calculate the greatest common divisor of 4680 and 1740.
60
Calculate the highest common divisor of 472980102 and 1554.
1554
What is the greatest common factor of 308 and 24806364?
44
Calculate the greatest common divisor of 13133028 and 36.
12
Calculate the greatest common divisor of 64 and 128162.
2
What is the greatest common factor of 147 and 3897474?
21
What is the greatest common divisor of 73728 and 14823?
9
What is the highest common divisor of 238185 and 64655?
335
What is the highest common factor of 149061 and 1749?
33
Calculate the greatest common divisor of 81706604 and 10824.
164
Calculate the highest common factor of 680937 and 2274026.
353
What is the greatest common divisor of 464553977 and 138?
23
Calculate the highest common divisor of 1133 and 31074791.
1133
What is the highest common divisor of 780300 and 105975?
675
What is the highest common factor of 24864 and 39693304?
2072
What is the highest common divisor of 218042 and 16196818?
4114
What is the greatest common divisor of 249 and 156641501?
83
What is the highest common divisor of 46 and 349034407?
23
Calculate the highest common factor of 578858 and 8169406.
2422
Calculate the highest common divisor of 5949 and 5355.
9
What is the greatest common divisor of 68155866 and 2628?
1314
Calculate the highest common factor of 6624 and 38967336.
1656
What is the greatest common divisor of 1142116 and 333?
37
Calculate the greatest common factor of 5601543 and 1968.
123
What is the greatest common divisor of 200379 and 7191?
51
Calculate the greatest common divisor of 2735 and 553505471.
547
What is the greatest common divisor of 23 and 2493384?
23
Calculate the highest common divisor of 1248478 and 636768.
1474
Calculate the highest common divisor of 35 and 33486264.
7
What is the greatest common factor of 175164 and 106656?
132
What is the greatest common factor of 10255 and 621160?
1465
What is the highest common factor of 5397 and 80157?
21
Calculate the greatest common factor of 13741073 and 184415.
479
Calculate the highest common divisor of 11857450 and 880.
110
What is the highest common divisor of 16947383 and 4006?
2003
What is the greatest common factor of 16578 and 2299123?
307
Calculate the highest common divisor of 25604 and 9361.
37
Calculate the greatest common divisor of 4 and 164986924.
4
Calculate the highest common divisor of 96250127 and 3803.
3803
Calculate the highest common factor of 2976 and 1212768.
96
What is the highest common factor of 16 and 230018?
2
Calculate the greatest common divisor of 94435 and 166044505.
5555
Calculate the highest common factor 